 11448 = 0. Calculate the remainder when 1981 is divided by u.
277
Suppose -4*z - 1 = 19, -z + 15 = 5*g. Suppose -5*r - f + 971 = -53, -808 = -g*r + 2*f. What is the remainder when r is divided by 16?
12
Let f be 0 + -1*2 + 0/(-28). Let k(o) = -12*o + 4. Let r(p) = 12*p - 3. Let h(w) = -4*k(w) - 5*r(w). What is the remainder when 86 is divided by h(f)?
17
Let b(y) be the third derivative of y**5/30 - 3*y**4/8 + 8*y**3/3 - 49*y**2. Calculate the remainder when 0 - -9*8 - 1 is divided by b(4).
11
Let m(x) = x**3 + 3*x**2 - 3*x + 2. Let y be m(-3). Suppose i = 188 - y. Let h(s) = 285*s + 4320. What is the remainder when i is divided by h(-15)?
42
Let y(i) = -109*i - 3. Let v = 4857 + -4821. Calculate the remainder when y(-2) is divided by v.
35
What is the remainder when 662 is divided by 1*36*(165/40 - 2)*2?
50
Let f be 3*(-4)/(-36)*-3 + 4. Suppose -2*b - f*b = -20. Suppose -b*h - 6*x + 14 = -4*x, -3*x = 9. Calculate the remainder when 51 is divided by h.
1
Suppose c - 28 = -6*c. Suppose g - 20 = 5*l, l - 86 - 36 = -c*g. Let f = g + -25. What is the remainder when 34 is divided by f?
4
Let j = 423 + -1126. Let z = 743 + j. What is the remainder when 51 is divided by z?
11
Suppose -4*o + 11 = -1. Let a = -607 + 629. Suppose -d + x + 7 = 0, -o*d - 4*x + 27 = -a. Calculate the remainder when 21 is divided by d.
10
Let a(c) = -c**3 - 3*c**2 + 3. Let o be a(-3). Suppose -2472 - 1064 = -208*f. What is the remainder when -1 + o*34 + -1 is divided by f?
15
Calculate the remainder when 126 is divided by (-385)/(-22) - ((-15)/10)/(-1).
14
Suppose 38*a - 4444 - 7146 - 2242 = 0. Calculate the remainder when a is divided by 358.
6
Let p = 237 - 230. Suppose 391 = 4*m - x, m + p*x - 119 = 3*x. Calculate the remainder when m is divided by 35.
29
Let m(a) = -579*a + 82. Let o be m(-2). Suppose 19*v = o + 1648. Calculate the remainder when v is divided by 142.
10
Suppose -9*h + 10955 + 47554 = 0. Calculate the remainder when h is divided by 1624.
5
Let m(f) = -f**2 - 174*f - 5442. Calculate the remainder when 561 is divided by m(-131).
179
Suppose -83*m = -58840 + 15016. Calculate the remainder when m is divided by 49.
38
Let z = 114 - 101. Let d be (8/(-6))/(2/(-6)). Suppose -3*u = -d*u + 5. Calculate the remainder when z is divided by u.
3
Let a(k) be the first derivative of -k**4/4 + k**3 - k**2/2 - 4*k - 11. Let b be a(2). Calculate the remainder when 47 is divided by 10/(-15) + b/6 + 25.
23
Suppose 1489 = 23*o - 20913. What is the remainder when o is divided by 324?
2
What is the remainder when 2765152/3179 + (-4)/(-22) is divided by 214?
14
Let p(b) = -b**2 + 3*b + 12. Let z be p(5). Suppose 2*v - z*h = h - 27, 2*h = -6. Calculate the remainder when (-18)/2*-3*(-32)/v is divided by 14.
6
Let o(s) = -s**3 - 5*s**2 - s - 11. Let l be o(-5). Let f(b) = b**3 + 14*b**2 + 14*b + 17. What is the remainder when f(l) is divided by 28?
25
Let k = -218 - -223. Suppose -4*u + 3*z = -33 - 122, 5*z = -k*u + 150. Calculate the remainder when u is divided by 14.
7
Suppose 4*n = 5*z + 118, -z + 2*z + 30 = n. Suppose -5*s + 6 = -x - 27, -5*x + 15 = 5*s. Calculate the remainder when n is divided by s.
2
Calculate the remainder when 110/1925 - 105906/(-70) is divided by 37.
33
Suppose -5*r = 4*w - 5494, -2*w = 3*r - 125 - 3171. Calculate the remainder when r is divided by 79.
71
Suppose 21*q - 24331 = 72*q - 135511. What is the remainder when q is divided by 156?
152
Let p(d) = d**2 - 114*d + 656. What is the remainder when 386 is divided by p(6)?
2
Let i = -4503 - -4507. Suppose z + 4*f = 20 - 1, -f + 4 = 0. Suppose 5*s = z*h + 121, 0*s + 2*h = i*s - 96. Calculate the remainder when s is divided by 5.
3
What is the remainder when ((-280)/168)/(4*(-5)/187080) is divided by 4?
2
Let p(o) = -o**3 + 60*o - 30. Calculate the remainder when 243 is divided by p(-8).
1
Suppose -94818*s = -94798*s - 38900. Calculate the remainder when s is divided by 18.
1
What is the remainder when 18/(-6)*(8 + 328/(-3)) is divided by 50?
4
Let f = 5569 + -5336. Calculate the remainder when 707 is divided by f.
8
Suppose 15*d - 2233 = -4*g + 12*d, -5*g + 2772 = d. What is the remainder when g is divided by 74?
35
Let s = 214 - 150. Suppose 4*u + 4*v - 216 = 0, -4*v + s = u - v. What is the remainder when u is divided by 176/18 - 4/(-18)?
9
Suppose -9*y = 13*y - 31130. What is the remainder when y is divided by 469?
8
Let b = 711 - 1281. Let y = 1503 + b. Calculate the remainder when y is divided by 11.
9
Let r be (98/56)/(2/24). Suppose -5*u + r = -y, 15 = 4*y - u + 4. Suppose 0 = -q - f + 3, -2*f = -y*q + 2 + 4. Calculate the remainder when 10 is divided by q.
0
Let q(k) = 15*k + 348. Let o be q(-23). Suppose w - 126 = 3*w. Calculate the remainder when (40/(-15))/(o/w) is divided by 29.
27
Let q = -9 + 24. Let r = -103 - -121. What is the remainder when 22/r - 1 - 21973/(-387) is divided by q?
12
Suppose -5*k + z - 5*z = -145, z = -k + 30. Suppose -k*f = -17*f - 352. What is the remainder when 85 is divided by f?
41
Let m(j) = j**2 - j - 3. Let g be m(3). Suppose 4*a = -g*o + 189, -3*a - 2*a = o - 74. Calculate the remainder when o is divided by 9.
5
Calculate the remainder when ((-1)/(3/(-117)))/((-4)/(-136)*6) is divided by 18.
5
Calculate the remainder when 2*(1752/36 + (-12)/(-9)) is divided by (-4)/4*-5 + 1.
4
Let i be 1282/10 - 27/135. Calculate the remainder when ((-138)/4 - -2)/((-64)/i) is divided by 7.
2
Suppose -q = 2*q + 15. Let x(p) = -2*p - 21. Let y be x(q). Calculate the remainder when 90/(-2)*(y + 8) is divided by 34.
33
Suppose -s = 2*u - 57, -303 = s - 6*s - 4*u. What is the remainder when 2008 is divided by s?
55
Let p(v) = -12*v + 65. Let h be p(16). Let z = 131 + h. What is the remainder when (-158)/3*(-2 - (-2)/z) is divided by 10?
9
What is the remainder when -18*(-2)/(-4)*(-141 - 23 - -23) is divided by 103?
33
Let u be 66 + -4 + (0 - 3). Let z = 28 + u. Let j = z + -55. What is the remainder when 159 is divided by j?
31
Let a = -45 - -53. What is the remainder when a - -2*(5 + -4 + -3) is divided by 3?
1
Calculate the remainder when 655 is divided by 3 + (18 - 12)*27/6.
25
Let n(v) = -120*v - 4. Let h be n(-7). Let i = h - 585. Calculate the remainder when i is divided by 21.
20
Suppose k + 93 = 5*d, -2*k - 6 - 54 = -3*d. Let p = 282 + -33. Calculate the remainder when p is divided by d.
15
Let x = -485 - -957. Suppose -22*z + x = -452. What is the remainder when z is divided by 15?
12
Let c = 80 - 72. Suppose -3*p = 4*z + p - 256, 4*p + 134 = 2*z. What is the remainder when z is divided by c?
1
Let t be (4 + -6)*2 - (-7 - 0). Suppose -66 = -2*v - 4*c, v - t*v - 2*c + 60 = 0. Calculate the remainder when 129 is divided by v.
21
Let n(j) = -111*j - 3102. Let d(l) = -6*l**3 + 4*l + 4. Calculate the remainder when d(-3) is divided by n(-28).
4
Let h(c) = 23009*c**3 + c**2 - 3*c + 1. Let d be h(1). What is the remainder when (-3)/7 + (d/14)/8 is divided by 52?
49
Let h = 51 + -23. What is the remainder when 82*(-14)/4*(-162)/567 is divided by h?
26
Let g(o) = o**2 - o - 19. Let b be g(8). Let u = -55 + b. Let p = 8 - u. Calculate the remainder when p is divided by 12.
2
Suppose 0 = 4*r + 81*t - 79*t - 3522, r - 888 = -3*t. Let b = r - 636. What is the remainder when b is divided by 42?
33
Let r = -43167 + 43381. Suppose 2*s + 3*t = 59, -2*s + 5*t = 3*s - 85. Calculate the remainder when r is divided by s.
16
Suppose 976*m = 981*m - 285. Calculate the remainder when 277 is divided by m.
49
Let y(x) = -4*x - 24. Let c be y(-6). Let g = 49 - 49. Suppose g = -5*l - c*v - 3*v + 128, 4*l - 124 = 3*v. Calculate the remainder when 53 is divided by l.
25
Suppose 5*g + t - 3 = 10, -5*g - 2*t = -16. Let q = 42 + -37. Suppose -42 + 62 = q*k. What is the remainder when k is divided by g?
0
Suppose 157*h - 172*h + 4140 = 0. What is the remainder when h is divided by 132?
12
Let w = 109 - 118. Let d be 6 + w*(12/9 + -1). Calculate the remainder when 27 is divided by (-2 - -3)*(1 + 17 - d).
12
Let g = 217 - 215. Suppose 10 = d + 4*w - g, 2*d = -3*w + 24. What is the remainder when 44 is divided by d?
8
What is the remainder when (222/4)/(-3 + 38/12) is divided by 114?
105
Let y(z) = -186*z + 398. What is the remainder when y(0) is divided by 381?
17
Suppose -4*n + 4*u = -6*n + 458, 2*n +